{"version":"1.0","provider_name":"Holistic practice for aroma, Bowen and frequency therapy - Mag. (FH) Michael Riedel","provider_url":"http:\/\/www.michael-riedel.at\/en","author_name":"heileradmin","author_url":"http:\/\/www.michael-riedel.at\/en\/author\/heileradmin\/","title":"Franz - Ganzheitliche Praxis f\u00fcr Aroma-, Bowen- und Frequenztherapie - Mag. (FH) Michael Riedel","type":"rich","width":600,"height":338,"html":"<blockquote class=\"wp-embedded-content\" data-secret=\"XfyLjm8h0x\"><a href=\"http:\/\/www.michael-riedel.at\/en\/franz-2\/\">Franz<\/a><\/blockquote><iframe sandbox=\"allow-scripts\" security=\"restricted\" src=\"http:\/\/www.michael-riedel.at\/en\/franz-2\/embed\/#?secret=XfyLjm8h0x\" width=\"600\" height=\"338\" title=\"&#8220;Franz&#8221; &#8212; Ganzheitliche Praxis f\u00fcr Aroma-, Bowen- und Frequenztherapie -  Mag. (FH) Michael Riedel\" data-secret=\"XfyLjm8h0x\" frameborder=\"0\" marginwidth=\"0\" marginheight=\"0\" scrolling=\"no\" class=\"wp-embedded-content\"><\/iframe><script type=\"text\/javascript\">\n\/* <![CDATA[ *\/\n\/*! This file is auto-generated *\/\n!function(d,l){\"use strict\";l.querySelector&&d.addEventListener&&\"undefined\"!=typeof URL&&(d.wp=d.wp||{},d.wp.receiveEmbedMessage||(d.wp.receiveEmbedMessage=function(e){var t=e.data;if((t||t.secret||t.message||t.value)&&!\/[^a-zA-Z0-9]\/.test(t.secret)){for(var s,r,n,a=l.querySelectorAll('iframe[data-secret=\"'+t.secret+'\"]'),o=l.querySelectorAll('blockquote[data-secret=\"'+t.secret+'\"]'),c=new RegExp(\"^https?:$\",\"i\"),i=0;i<o.length;i++)o[i].style.display=\"none\";for(i=0;i<a.length;i++)s=a[i],e.source===s.contentWindow&&(s.removeAttribute(\"style\"),\"height\"===t.message?(1e3<(r=parseInt(t.value,10))?r=1e3:~~r<200&&(r=200),s.height=r):\"link\"===t.message&&(r=new URL(s.getAttribute(\"src\")),n=new URL(t.value),c.test(n.protocol))&&n.host===r.host&&l.activeElement===s&&(d.top.location.href=t.value))}},d.addEventListener(\"message\",d.wp.receiveEmbedMessage,!1),l.addEventListener(\"DOMContentLoaded\",function(){for(var e,t,s=l.querySelectorAll(\"iframe.wp-embedded-content\"),r=0;r<s.length;r++)(t=(e=s[r]).getAttribute(\"data-secret\"))||(t=Math.random().toString(36).substring(2,12),e.src+=\"#?secret=\"+t,e.setAttribute(\"data-secret\",t)),e.contentWindow.postMessage({message:\"ready\",secret:t},\"*\")},!1)))}(window,document);\n\/\/# sourceURL=http:\/\/www.michael-riedel.at\/wp-includes\/js\/wp-embed.min.js\n\/* ]]> *\/\n<\/script>","description":"Ich installierte im Sommer 2018 an meiner Wasserleitung den Water Alive. Siehe da \u2013 die Wasserqualit\u00e4t ver\u00e4nderte sich gleich danach und ich konnte ab dem Zeitpunkt reines Wasser ohne Zusatz von Sirup trinken und auch viel mehr Menge.Wo sich die Ver\u00e4nderung auch noch sehr bemerkbar machte, war im Stall der Milchk\u00fche. Den G\u00fcllelagerraum unter den [&hellip;]"}

Franz - Ganzheitliche Praxis für Aroma-, Bowen- und Frequenztherapie - Mag. (FH) Michael Riedel

<blockquote class="wp-embedded-content" data-secret="XfyLjm8h0x"><a href="http://www.michael-riedel.at/en/franz-2/">Franz</a></blockquote><iframe sandbox="allow-scripts" security="restricted" src="http://www.michael-riedel.at/en/franz-2/embed/#?secret=XfyLjm8h0x" width="600" height="338" title="&#8220;Franz&#8221; &#8212; Ganzheitliche Praxis für Aroma-, Bowen- und Frequenztherapie -  Mag. (FH) Michael Riedel" data-secret="XfyLjm8h0x" frameborder="0" marginwidth="0" marginheight="0" scrolling="no" class="wp-embedded-content"></iframe><script type="text/javascript">
/* <![CDATA[ */
/*! This file is auto-generated */
!function(d,l){"use strict";l.querySelector&&d.addEventListener&&"undefined"!=typeof URL&&(d.wp=d.wp||{},d.wp.receiveEmbedMessage||(d.wp.receiveEmbedMessage=function(e){var t=e.data;if((t||t.secret||t.message||t.value)&&!/[^a-zA-Z0-9]/.test(t.secret)){for(var s,r,n,a=l.querySelectorAll('iframe[data-secret="'+t.secret+'"]'),o=l.querySelectorAll('blockquote[data-secret="'+t.secret+'"]'),c=new RegExp("^https?:$","i"),i=0;i<o.length;i++)o[i].style.display="none";for(i=0;i<a.length;i++)s=a[i],e.source===s.contentWindow&&(s.removeAttribute("style"),"height"===t.message?(1e3<(r=parseInt(t.value,10))?r=1e3:~~r<200&&(r=200),s.height=r):"link"===t.message&&(r=new URL(s.getAttribute("src")),n=new URL(t.value),c.test(n.protocol))&&n.host===r.host&&l.activeElement===s&&(d.top.location.href=t.value))}},d.addEventListener("message",d.wp.receiveEmbedMessage,!1),l.addEventListener("DOMContentLoaded",function(){for(var e,t,s=l.querySelectorAll("iframe.wp-embedded-content"),r=0;r<s.length;r++)(t=(e=s[r]).getAttribute("data-secret"))||(t=Math.random().toString(36).substring(2,12),e.src+="#?secret="+t,e.setAttribute("data-secret",t)),e.contentWindow.postMessage({message:"ready",secret:t},"*")},!1)))}(window,document);
//# sourceURL=http://www.michael-riedel.at/wp-includes/js/wp-embed.min.js
/* ]]> */
</script>

Ich installierte im Sommer 2018 an meiner Wasserleitung den Water Alive. Siehe da – die Wasserqualität veränderte sich gleich danach und ich konnte ab dem Zeitpunkt reines Wasser ohne Zusatz von Sirup trinken und auch viel mehr Menge.Wo sich die Veränderung auch noch sehr bemerkbar machte, war im Stall der Milchkühe. Den Güllelagerraum unter den [&hellip;]
